 (base 3) to base 2
1101110100011
-602a (base 14) to base 3
-211122012
What is -a5d (base 14) in base 3?
-2210200
-3024 (base 6) to base 10
-664
Convert -253433 (base 6) to base 4.
-11210331
What is -121210 (base 5) in base 15?
-153a
What is -113010 (base 5) in base 4?
-1000202
What is -6c02 (base 15) in base 12?
-11348
What is -3f1b (base 16) in base 15?
-4bc0
What is -1551 (base 6) in base 15?
-1d7
27002 (base 8) to base 4
2320002
-1535 (base 6) to base 12
-2ab
Convert 110010100000110 (base 2) to base 7.
135254
-71b (base 14) to base 9
-1822
Convert -413 (base 13) to base 14.
-376
What is -c14 (base 14) in base 3?
-10020210
-7620 (base 9) to base 4
-1113213
Convert 57 (base 8) to base 2.
101111
What is -6857 (base 14) in base 15?
-5574
19b0 (base 16) to base 9
10016
What is -10110001 (base 2) in base 11?
-151
What is -1807 (base 15) in base 11?
-3991
Convert 22554 (base 6) to base 5.
100423
What is -21204 (base 5) in base 9?
-1857
What is 14240 (base 6) in base 12?
1380
What is -13188 (base 11) in base 3?
-221212012
What is 110513 (base 6) in base 13?
42a5
What is b407 (base 13) in base 4?
12010102
-482 (base 10) to base 13
-2b1
Convert 100111 (base 2) to base 5.
124
-1310 (base 6) to base 2
-101001010
What is -8894 (base 12) in base 2?
-11101011110000
Convert -24453 (base 9) to base 15.
-4ce0
Convert 22424 (base 8) to base 4.
2110110
Convert 7c5c (base 13) to base 12.
a150
What is -aab (base 14) in base 15?
-95b
Convert 53362 (base 7) to base 9.
20124
-14130 (base 11) to base 7
-112441
444 (base 7) to base 11
198
1144 (base 11) to base 4
113130
Convert -123220 (base 5) to base 15.
-165a
What is -14b5 (base 12) in base 3?
-10100102
-298a (base 16) to base 9
-15525
What is -15572 (base 9) in base 15?
-326b
What is -22130 (base 4) in base 14?
-35a
Convert 69 (base 10) to base 11.
63
7d3 (base 14) to base 16
615
What is 432 (base 5) in base 7?
225
-44 (base 11) to base 14
-36
Convert -20334 (base 6) to base 16.
-aa2
3340 (base 8) to base 9
2365
40405 (base 7) to base 3
111110011
Convert 19a7 (base 15) to base 16.
15b5
What is 4302 (base 6) in base 12?
692
Convert 4123 (base 6) to base 3.
1020220
Convert 10068 (base 9) to base 8.
14737
What is 5213 (base 12) in base 7?
35034
Convert -8864 (base 9) to base 12.
-394a
26131 (base 7) to base 12
4017
-80 (base 10) to base 8
-120
What is 100000111 (base 2) in base 8?
407
-1196 (base 14) to base 13
-1524
What is -1301 (base 4) in base 15?
-78
What is -6075 (base 9) in base 3?
-20002112
What is -3746 (base 8) in base 5?
-31042
What is -89d5 (base 14) in base 2?
-101110101011111
Convert -11311313 (base 4) to base 16.
-5d77
Convert 2100022012 (base 3) to base 10.
46148
What is -365 (base 10) in base 9?
-445
-4a2 (base 16) to base 6
-5254
What is 202264 (base 7) in base 14?
c7a4
What is 2100 (base 5) in base 15?
135
What is -12962 (base 10) in base 2?
-11001010100010
Convert 583c (base 15) to base 8.
44454
What is -142 (base 10) in base 9?
-167
302412 (base 6) to base 16
5d68
-5320 (base 6) to base 3
-1122110
What is -120012121 (base 3) in base 13?
-507a
20333111 (base 4) to base 9
55452
1040 (base 9) to base 4
23331
What is -14240 (base 5) in base 4?
-102223
21220322 (base 4) to base 15
ba72
Convert -547 (base 10) to base 13.
-331
Convert -222211 (base 3) to base 13.
-439
Convert 151 (base 15) to base 6.
1221
What is -10130 (base 8) in base 11?
-3164
What is -36567 (base 8) in base 5?
-1000420
What is 1000000110 (base 2) in base 7?
1340
What is 6d42 (base 14) in base 16?
4a7e
What is -1111 (base 4) in base 12?
-71
What is -418 (base 15) in base 13?
-560
4ba (base 14) to base 6
4220
Convert 1338 (base 11) to base 15.
7aa
Convert 190 (base 15) to base 5.
2420
101203 (base 7) to base 9
25587
Convert 7cf9 (base 16) to base 12.
16621
What is 40364 (base 9) in base 6?
322521
What is 21a (base 14) in base 7?
1133
Convert -38103 (base 11) to base 9.
-83022
Convert 1011010101011 (base 2) to base 10.
5803
Convert 21005 (base 6) to base 10.
2813
What is 23310 (base 4) in base 12?
530
Convert -4514 (base 13) to base 2.
-10010110110010
What is -6214 (base 7) in base 5?
-32132
9671 (base 13) to base 14
7875
What is 11104 (base 6) in base 9?
2114
What is 4613 (base 12) in base 7?
31500
What is 3103340 (base 5) in base 3?
2120020021
1011220 (base 4) to base 14
18a4
What is -3211 (base 5) in base 8?
-657
Convert 96 (base 13) to base 10.
123
What is 498 (base 10) in base 12?
356
What is -10223 (base 5) in base 9?
-844
Convert 12020 (base 5) to base 7.
2403
What is 12043 (base 5) in base 7?
2422
-416 (base 14) to base 2
-1100100100
Convert -921 (base 12) to base 6.
-10041
What is 26331 (base 10) in base 5?
1320311
What is -11101100011111 (base 2) in base 13?
-6b73
Convert -10220121 (base 3) to base 9.
-3817
1314021 (base 5) to base 2
110011000011000
Convert 46a (base 16) to base 13.
68c
Convert -73bb (base 12) to base 5.
-401141
Convert 3463 (base 11) to base 10.
4546
Convert 122022 (base 4) to base 3.
2022000
What is 24210 (base 10) in base 4?
11322102
Convert 1a3 (base 13) to base 2.
100101110
Convert 21231 (base 4) to base 14.
325
3010 (base 5) to base 11
316
Convert 615 (base 8) to base 10.
397
Convert 6333 (base 8) to base 12.
1aa3
-14d74 (base 14) to base 6
-1040534
What is 37482 (base 10) in base 5?
2144412
-100 (base 5) to base 8
-31
-11000 (base 4) to base 13
-1b8
Convert -12311031 (base 4) to base 2.
-110110101001101
What is 110101100111000 (base 2) in base 15?
81ed
What is -25e (base 16) in base 9?
-743
Convert -15d (base 15) to base 10.
-313
-20920 (base 10) to base 4
-11012320
-14 (base 6) to base 11
-a
7723 (base 15) to base 4
12022101
Convert 101125 (base 6) to base 3.
102000222
-1025000 (base 6) to base 3
-2120001000
Convert -24301 (base 5) to base 7.
-5216
What is 16a (base 16) in base 8?
552
Convert 100100000010100 (base 2) to base 4.
10200110
-26436 (base 8) to base 6
-125250
-224 (base 7) to base 6
-312
What is 1010001110 (base 2) in base 15?
2d9
Convert 12121201 (base 3) to base 5.
112341
Convert 353 (base 10) to base 6.
1345
What is 320333 (base 4) in base 15?
1132
Convert 31206 (base 7) to base 10.
7650
Convert 10261 (base 9) to base 16.
1a7a
Convert 1000001010110 (base 2) to base 15.
138c
Convert -210 (base 11) to base 3.
-100101
What is -151545 (base 6) in base 14?
-54c9
-31002 (base 7) to base 2
-1110101111100
1000101110 (base 2) to base 11
468
Convert 37a8 (base 11) to base 14.
1b42
Convert -202210 (base 3) to base 14.
-2c1
Convert 10001010011 (base 2) to base 3.
1112000
What is 1887 (base 10) in base 8?
3537
What is -215a (base 15) in base 11?
-5339
What is 6643 (base 7) in base 14?
c23
Convert -31112 (base 6) to base 4.
-1000310
What is -101000010011001 (base 2) in base 12?
-bb35
What is 414 (base 7) in base 4?
3033
What is 1ff (base 16) in base 12?
367
-1100110110 (base 2) to base 15
-39c
b98b (base 12) to base 11
14376
Convert -a93 (base 11) to base 3.
-1210121
-3786 (base 10) to base 12
-2236
-2de (base 16) to base 2
-1011011110
-2067 (base 14) to base 16
-15cb
229 (base 11) to base 6
1133
Convert -3926 (base 10) to base 2.
-111101010110
What is -11111011111111 (base 2) in base 10?
-16127
-120 (base 14) to base 6
-1012
221 (base 3) to base 2
11001
What is -1113442 (base 5) in base 3?
-1000021000
Convert 208 (base 14) to base 12.
294
What is -31031 (base 4) in base 3?
-1011022
What is 34144 (base 6) in base 4?
1023100
What is -26454 (base 7) in base 13?
-32ca
-b1d4 (base 14) to base 15
-90cb
a6d9 (base 14) to base 7
146662
Convert -32c (base 16) to base 3.
-1010002
What is -25264 (base 10) in base 8?
-61260
What is 240 (base 10) in base 14?
132
-4 (base 6) to base 7
-4
210452 (base 7) to base 12
18b88
Convert 6055 (base 7) to base 8.
4062
Convert 20355 (base 6) to base 4.
222233
3413 (base 13) to base 11
5521
-111011110110 (base 2) to base 5
-110310
-1383 (base 14) to base 10
-3447
Convert -116 (base 11) to base 2.
-10001010
What is d57 (base 15) in base 11?
2294
Convert 1302133 (base 4) to base 10.
7327
What is c55 (base 15) in base 9?
3728
What is -1644 (base 9) in base 4?
-103213
Convert 279 (base 15) to base 10.
564
dc9 (base 14) to base 15
c1a
What is 200010010 (base 3) in base 9?
20103
What is -553 (base 12) in base 13?
-483
What is ca1 (base 16) in base 9?
4382
1714 (base 14) to ba